2 + x + 2. Let z be n(3). Suppose 0 = -5*q + 176 - 1. Calculate the highest common factor of z and q.
7
Suppose 2*j - 44 - 52 = 0. What is the greatest common divisor of 16 and j?
16
Let s = 14 + 13. Suppose 4*z - z - s = 0. Suppose -2*q = 0, -2*q + 267 = 3*a + 51. What is the highest common factor of a and z?
9
Let l be (-4)/(-3) - 4/(-6). What is the greatest common factor of l and 4?
2
Let o be (1/((-1)/2))/1. Let s = o + 6. What is the greatest common divisor of s and 36?
4
Suppose -2*j + 14 = 3*n, -j + 16 = 3*n - 0*j. Let u(y) = y**3 - 3*y**2 + 2 + 2*y - 2*y**3 + y. Let g be u(-4). What is the highest common divisor of n and g?
6
Let t(p) = -3*p**3 - 4*p**2 - 3. Let i be t(-3). Calculate the greatest common divisor of i and 6.
6
Suppose 4*o - 185 = 179. Suppose 0*v + 24 = 2*v. Suppose d = 1 + v. What is the highest common factor of o and d?
13
Let t be ((-3)/(-6))/((-2)/(-8)). Suppose t*a = -2*j + 22, 2 = -a + 2*j + 16. Calculate the greatest common factor of a and 3.
3
Let k(q) = 6*q + 2. Let f be k(4). Calculate the greatest common factor of f and 130.
26
Suppose -18 - 60 = -13*q. Calculate the greatest common divisor of 3 and q.
3
Suppose 3*u + 2*s - 15 = 30, -4*s + 39 = 3*u. What is the highest common divisor of 119 and u?
17
Let p = -33 - -47. Let m(d) = -d + 4. Let b be m(7). Let y be (2 - (-2 + b))*6. Calculate the greatest common divisor of p and y.
14
Suppose 4*u + 83 = 3*t, -3*u = -4*t + 2*u + 110. Let a = t + -15. What is the greatest common factor of a and 40?
10
Suppose 2*b + 2*a - 32 = -8, -3*b + a = -20. Let v be ((-7)/4)/((-2)/b). Calculate the highest common factor of v and 49.
7
Let u = 4 + -4. Let d = 142 + -25. Suppose u = 2*p + p - d. Calculate the highest common factor of 13 and p.
13
Suppose -5*s + 52 = 4*f, 0 = 4*f - 3*s - 20. Let b = 61 + -21. Calculate the highest common divisor of b and f.
8
Suppose -116 - 60 = -8*o. Calculate the highest common divisor of o and 55.
11
Let x be 93/12 - -1 - 5/(-20). What is the highest common factor of x and 63?
9
Let a = -10 + 6. Let u = 6 + a. Let x = 6 - 5. Calculate the greatest common divisor of x and u.
1
Suppose 5*p - 20 = 3*p. Calculate the highest common divisor of p and 4.
2
Suppose -12*q = -7*q - 10. What is the highest common divisor of q and 16?
2
Let a(k) = 41*k**2 + 13*k - 9. Let o(f) = 10*f**2 + 3*f - 2. Let i(q) = -2*a(q) + 9*o(q). Let n be i(-1). Calculate the greatest common divisor of n and 63.
7
Let j(a) = a**3 - 7*a**2 + 7*a - 6. Let o be j(5). Let l = -7 - o. What is the greatest common factor of l and 14?
14
Let q(w) = 2*w**2 - 4*w. Let y(p) = 2*p + 3. Let c be y(0). Let k be q(c). Calculate the highest common factor of k and 2.
2
Let m(n) = -n**3 + 4*n**2 - 2*n - 1. Let q be m(3). Let g be (-1719)/(-81) + q/(-9). What is the highest common factor of g and 7?
7
Suppose -43 - 25 = 4*p. Let a = -40 + 72. Let s = a + p. What is the greatest common divisor of s and 165?
15
Let m = 49 + -33. What is the greatest common factor of 16 and m?
16
Suppose -3 = -2*o + 29. Suppose 0*j = -3*p + 5*j - 38, 2*p - j = -o. Let z be (-3)/(-2)*(-4)/p. What is the highest common divisor of z and 4?
1
Let i(g) = 2*g**2 + 2*g + 1. Let y be i(0). What is the highest common factor of y and 1?
1
Let t be 618/9 - (2 + (-28)/12). Calculate the highest common divisor of t and 92.
23
Let b be (-15)/2*(-4)/6. Suppose -45 = -5*c + 5*n, 0 = 3*n + 12. What is the greatest common divisor of b and c?
5
Let k be 42/2 - (-13 - -12). What is the greatest common factor of k and 11?
11
Let i(x) = -4*x - 9. Let u = -1 + 1. Suppose 0 = -c - u*c - 9. Let l be i(c). What is the highest common divisor of l and 9?
9
Let s = 9 - -39. Calculate the highest common factor of 32 and s.
16
Let k = 73 - 64. Calculate the greatest common factor of k and 9.
9
Suppose -2*q + 122 = 2. Let a be (-12)/q - (-31)/5. What is the greatest common divisor of a and 15?
3
Suppose 0*g = -4*g - 264. Let y be g/(-4)*(-154)/(-21). What is the highest common divisor of y and 11?
11
Let j be (-4)/42 - (-2784)/126. Suppose 22 = 3*f - 77. Calculate the greatest common divisor of j and f.
11
Let m(d) = d - 1. Let x be m(0). Let g be x/(-3)*(205 + -4). Let f = g - 19. What is the highest common factor of f and 32?
16
Let f(o) = o + 12. Let t be f(0). Let d = t + 4. Calculate the greatest common divisor of d and 32.
16
Suppose -4*x + x = -72. Calculate the greatest common divisor of x and 60.
12
Suppose 0 = 4*f - 2316 - 420. Suppose 0*n - 4*n + f = 0. Suppose -a + 2*h + 29 - 6 = 0, 2*a - 2*h = 42. What is the greatest common divisor of n and a?
19
Suppose -84*x = -77*x - 616. Let o(c) = 2*c**2 - 6. Let j be o(-5). Suppose 4*h = 4*r + j, 0 = -4*h - r - r + 44. What is the highest common divisor of x and h?
11
Let f be (-7)/(-3) + (-2)/6. Calculate the highest common factor of 14 and f.
2
Let t be -22*(15/(-6) + 3). Let y be (-2 - t/(-2))*-2. What is the greatest common factor of y and 3?
3
Let r(i) = i**2 - 9*i + 2. Let q be r(14). What is the greatest common factor of q and 18?
18
Let o be (-3)/(-15) - 5397/(-15). Calculate the highest common factor of 40 and o.
40
Let k(z) = z**3 - z**2 + 22. Let v be k(0). What is the highest common factor of v and 198?
22
Suppose -4*u + 2*u = 0. Let d(r) = -r**2 + 5*r - 2. Let j be d(3). Suppose j*p = 2*k - 8, -3*k - p - p + 20 = u. What is the greatest common factor of 24 and k?
6
Let i = 10 + 5. Let j(l) = -l. Let p(w) = 4*w. Let h(t) = -9*j(t) - 2*p(t). Let a be h(5). What is the highest common divisor of i and a?
5
Let s be (52 + -1)*48/(-36). Let h = s - -118. Suppose -4*q + 3*q + 4 = -2*z, 0 = q + 3*z - 19. Calculate the greatest common factor of h and q.
10
Let t = -29 + 60. Suppose 5*k - t = 34. Calculate the greatest common factor of k and 104.
13
Suppose 0 = -0*h - 4*h. Let p = 3 - h. Suppose j + 0 + 5 = 0, 2*m - p*j - 27 = 0. What is the greatest common factor of 6 and m?
6
Let c(z) = -z**3 - 7*z**2 - 2*z + 3. Let f be c(-7). What is the greatest common divisor of f and 17?
17
Let l(b) = -b**3 + 7*b**2 + 3*b - 5. Let a be l(7). Let y = 10 - 2. Calculate the highest common divisor of a and y.
8
Suppose -z + 33 = -75. What is the highest common factor of 12 and z?
12
Suppose 0*f + 4*f = 3*b - 35, 0 = -5*b - 4*f + 5. Let x = b - -10. Calculate the greatest common divisor of x and 45.
15
Let y(r) = 3*r**2 - 2*r - 1. Let u be y(6). Let o = u + -55. Suppose 0 = -0*s - 3*s + 15. What is the greatest common divisor of s and o?
5
Suppose -5*d + 66 = 16. Calculate the highest common divisor of 15 and d.
5
Suppose 3*q - 2*h = -6*h + 215, h = -5*q + 381. Calculate the highest common factor of q and 7.
7
Suppose -4*k - 4*m = -668, 3*m - 10 = m. Calculate the highest common divisor of 18 and k.
18
Let h(f) = -f**2 + 5*f + 5. Let u = -6 + 11. Let q be h(u). Suppose -6 + 1 = -q*l. What is the highest common factor of l and 11?
1
Let m(x) = -x + 7. Suppose -c - 14 = -3*c. Let l be m(c). Suppose 0 = -l*a - 3*a + 48. What is the highest common factor of a and 2?
2
Let z be -3 - 2/(-2) - -3. Let b be 102 + 2 - (z - 2). What is the greatest common divisor of b and 42?
21
Let w = -17 - -37. Calculate the highest common factor of w and 4.
4
Suppose -4*f + 3*p + 0*p = -97, -3*p = -3. Calculate the highest common divisor of 225 and f.
25
Let g = 78 + -36. Let r be ((-21)/(-9))/(1/g). Calculate the highest common factor of r and 14.
14
Let z(j) = j**2 - 4*j - 8. Let f be z(5). Let m be f + 0 - -4 - -50. Let d = -1 - -35. What is the highest common divisor of m and d?
17
Suppose 0 = 4*r + 5 - 57. Suppose -3*j + f + 35 = 0, -j - 4*f = 3*j - 20. Let g be j/4*(1 - -25). Calculate the highest common divisor of g and r.
13
Let b = -9 + 11. Calculate the greatest common divisor of 6 and b.
2
Suppose 4*d - 12 = -3*l + 21, 0 = -4*l - 4*d + 44. Calculate the greatest common factor of l and 253.
11
Let y be (-2 - -9)*48/7. Let d be ((-42)/(-10))/((-9)/(-30)). Suppose -2*z + 8 = 2*n, 7*n - 2*n - d = -4*z. Calculate the greatest common factor of z and y.
6
Let p be 28/2 + 5 + -3. Calculate the greatest common factor of 160 and p.
16
Let y = -9 + 21. What is the highest common divisor of 12 and y?
12
Let j = 0 + 24. Suppose t + t - j = 0. Calculate the highest common divisor of t and 96.
12
Suppose 0 = -4*u + u. Suppose 